
18
Let u = 1 + 9. Let n(s) = -s**3 - 4*s**2 - 6*s - 4. Let z be n(-6). Let a be ((-35)/u)/((-2)/z). What is the greatest common factor of 26 and a?
26
Suppose 100 = 2*i - 186. Let p = 42 - 29. What is the greatest common divisor of p and i?
13
Suppose 5 = 2*j - 3*y, 0 = -y + 3*y - 2. Suppose -j*m - 34 = -6*m. Calculate the greatest common divisor of m and 34.
17
Suppose 26 = 5*d - 19. Let i be d*(2 + 10/(-6)). What is the highest common factor of i and 9?
3
Let i(d) = -2*d. Let u be i(-9). Let a(r) = 1 - 47*r - 6*r + 9*r. Let b be a(-1). What is the greatest common factor of b and u?
9
Let l be 8/44 + (-46)/11. Let q be (-6)/(-3) - 0/(-1). Let n = q - l. Calculate the highest common divisor of 48 and n.
6
Let q(a) = -4*a - 9. Let r be q(-7). Suppose 5*o + 3 = -z, 2*o + 3*o + r = -3*z. Let p = z + 13. What is the greatest common divisor of 55 and p?
5
Suppose 4*s - 832 = -3*q, -6*q = -q + 5*s - 1390. What is the highest common divisor of q and 112?
56
Suppose -5*y = 4*b - 70, -y - 53 - 29 = -4*b. What is the highest common divisor of b and 8?
4
Let g be ((-51)/12)/((-2)/32). Let n(m) = -m. Let c be n(1). Let v be 16 - ((-1)/c)/(-1). What is the highest common factor of v and g?
17
Suppose 5*u - 20 = 3*u. What is the greatest common factor of 80 and u?
10
Suppose 0*x + 8 = 5*k + 3*x, 2*k - 4*x + 2 = 0. Let d = 3 + k. What is the greatest common divisor of 1 and d?
1
Suppose 32 = 2*y - 4*v, -y + 4*v + 0*v + 12 = 0. What is the highest common factor of y and 30?
10
Let y be ((-66)/(-18))/(4/12). Suppose -b - 495 = -6*b + 3*w, 2*w = -3*b + 297. What is the greatest common divisor of y and b?
11
Let c(a) = 5*a + 5. Let m be c(5). Suppose 4*y - 4 = -h, -h + 4 = 4*y - 2*h. Let b be (-304)/(-20) - y/5. What is the greatest common factor of m and b?
15
Let k = -2 - -4. Suppose k*v - 13 = -3*h + 4*v, -2*h - v = -4. Suppose 0*b + 189 = h*b. What is the greatest common factor of b and 7?
7
Let b = 351 + -242. Let n = b + -76. Calculate the greatest common divisor of n and 11.
11
Let h be (24/14)/(10/665). What is the greatest common factor of 19 and h?
19
Let x = 44 - -16. Let y = -35 + 64. Let z = y + -5. Calculate the highest common divisor of x and z.
12
Let a be 15 - (1 - (-1 - 1)). Let r be ((2 - 2) + 1)*1. Suppose -o + 2 = -r. What is the highest common factor of o and a?
3
Let n(b) = b**3 - 5*b**2 - 8*b - 2. Let q be n(7). Calculate the greatest common divisor of 5 and q.
5
Let o = 0 + -6. Let f be (-828)/(-20) + o/(-10). What is the greatest common divisor of 6 and f?
6
Let x = 132 + -6. Suppose 3*m - 51 = 12. What is the highest common divisor of x and m?
21
Let i be ((-39)/(-26))/((-3)/4). Let a be i/(-5) + (-1206)/(-10). What is the greatest common factor of 11 and a?
11
Let u = 34 + 62. Let q(w) = -w**2 + 9*w - 10. Let c be q(7). Suppose 2*t + 2*t = -3*g + 63, 0 = 4*t + c*g - 68. What is the greatest common divisor of t and u?
12
Suppose 3*i = 26 + 19. Calculate the greatest common factor of i and 135.
15
Suppose l - 14 - 11 = 0. What is the highest common divisor of 50 and l?
25
Suppose 0 = -a + 3*d + 10, -66 = 4*a + 4*d - 186. Calculate the highest common divisor of 250 and a.
25
Let g be 0 + 894/3 + 2. Suppose -5*c - 50 = -g. Let t be (8/10)/(4/c). Calculate the highest common divisor of t and 20.
10
Let u = 84 - 138. Let i be (-9)/u + (-71)/(-6). What is the greatest common factor of 96 and i?
12
Suppose 0 = -2*d - 0*d + 2. What is the greatest common divisor of 1 and d?
1
Let c = -47 + 85. Suppose 0 = 5*n + 261 + 164. Let q = 180 + n. Calculate the greatest common factor of q and c.
19
Let b be (36/16)/(2/(-8)). Let s = -8 - b. What is the highest common divisor of s and 9?
1
Suppose -6 = -6*m + 5*m. Calculate the greatest common factor of m and 6.
6
Let t(y) = 67*y**2 - 45*y**2 + 48*y**2. Let s be t(-1). Let q = s + -44. Calculate the highest common divisor of 13 and q.
13
Suppose -5 = 3*f + 5*a, 0 = f + 4*f - 2*a - 33. What is the greatest common divisor of f and 5?
5
Suppose -3*n = 5*i - 86, 0 = 2*i - 0*n + 5*n - 23. Calculate the highest common divisor of 209 and i.
19
Suppose -122 = -k - 4*a, 62 = -2*k - 2*a + 288. Calculate the greatest common divisor of k and 10.
10
Suppose 4 = -2*c, 5*i - 5*c - 241 = 9. What is the highest common factor of 80 and i?
16
Let x(h) = h**2 + h - 36. Let t be x(6). What is the greatest common factor of t and 72?
6
Let p = -194 + -131. Suppose 0 = -2*s + 1531 - 609. Let d = p + s. Calculate the highest common divisor of 17 and d.
17
Let h(b) = -b**2 - 3*b - 1. Let f be h(-1). Let a be f/2 - 4/8. Suppose w - 6 - 19 = a. What is the highest common divisor of 5 and w?
5
Let d(u) = -u**3 - 7*u**2 - 7*u - 4. Let a be d(-6). Let p be (-2 + 12)/(4 - a). Let j(q) = 3*q. Let w be j(p). What is the greatest common factor of w and 6?
3
Let y = -2 - -11. Let m = 22 - 13. Calculate the highest common divisor of y and m.
9
Suppose -2*x + 3*d = -287, 5*x + 4*d - 149 = 4*x. What is the highest common factor of x and 29?
29
Suppose 0 = 3*q + 2*q + 25. Let i = q + 19. Calculate the highest common divisor of 56 and i.
14
Let c(z) = -13*z + 2. Let t be c(-1). What is the highest common factor of t and 10?
5
Let a(u) = -u - 4. Let m be a(-9). What is the highest common factor of m and 35?
5
Suppose 2*v + 168 = -2*v. Let y be (1/(-3))/(2/v). Suppose -o + 385 = 4*o. Calculate the greatest common factor of o and y.
7
Let c be (-3)/(-12) + (-174)/(-8). Suppose 0 = -w - w + c. What is the highest common divisor of w and 11?
11
Suppose 0*k + 204 = 3*k - d, 0 = k - d - 66. Let l be ((-32)/6)/(3/(-18)). Let r = l - -14. Calculate the greatest common divisor of k and r.
23
Suppose 2*t - 4*f = 34, 2*t + 0*f - 35 = 5*f. Let h be (-6)/(-8)*5*44. What is the highest common divisor of t and h?
15
Let c = 498 + -294. Calculate the greatest common factor of c and 12.
12
Let r be ((-15)/2)/(-3)*36. Let p(a) = 2 - 4*a - 1 + 1 - 8. Let y be p(-6). Calculate the greatest common divisor of y and r.
18
Suppose 4*o = 220 - 16. Suppose -3*m + 26 = -127. Let s be (m/6)/((-1)/(-2)). Calculate the greatest common factor of s and o.
17
Suppose 0 = f - 2*f + 24. Suppose -2*g + f = 2*g. Calculate the greatest common divisor of 6 and g.
6
Let d(a) be the second derivative of -5*a**3/2 - a**2 - a. Let i be d(-6). Calculate the greatest common factor of i and 8.
8
Let s(y) = 3*y**2 + y - 1. Let u be s(-2). Suppose -5*b - 45 = -6*b. What is the highest common factor of b and u?
9
Let c be 6*(-3)/(6/(-1)). What is the greatest common factor of c and 3?
3
Let v = -199 + 287. Let a(f) = 3*f**2 - 3*f + 2. Let l be a(2). Calculate the greatest common divisor of v and l.
8
Let a be 412*3 + 3 - 3. Let o be a/16 + 2/(-8). What is the greatest common factor of o and 11?
11
Let r be (0 - 2)*56/(-4). Let m be -2*(2 - 3) + 2. What is the greatest common divisor of r and m?
4
Let t be (-3)/(12/16) + 33. Let y(p) = 2*p**2 + 4*p - 9. Let s be y(6). Calculate the highest common divisor of t and s.
29
Suppose 0 = -3*i - 80 + 128. Calculate the highest common factor of i and 64.
16
Let k(v) = v - 6. Let f be k(9). Suppose -f*t + 6 = -6. Suppose 6*h + 4*x - 132 = 2*h, 3*x = 3*h - 93. Calculate the greatest common factor of h and t.
4
Suppose -5*p + 20 = 0, g + 0*p - 20 = p. Calculate the greatest common divisor of g and 40.
8
Let o(s) = s**3 - 7*s**2 + 7*s - 2. Let j be o(6). Let y = 1 - 4. Let n = y - -4. What is the greatest common factor of j and n?
1
Suppose -3*g - 2 = -4*g. Let h(x) = -2*x**3 - 3*x**2 + x. Let p be h(-2). What is the greatest common factor of p and g?
2
Suppose 0 = -3*l + 25 - 1. What is the highest common factor of 72 and l?
8
Suppose 4*l - 101 = -a, -5*l - 3*a + 140 = a. Let u = -20 + 56. Calculate the greatest common factor of l and u.
12
Suppose v - 6*v + 777 = 3*q, 3*q - 165 = -v. Let h(z) = -z + 6. Let i be h(-11). What is the greatest common factor of v and i?
17
Let g = 92 - 79. Calculate the greatest common divisor of 91 and g.
13
Suppose -s - 4*r = -0*s - 21, -4*s - 2*r = -98. What is the greatest common factor of s and 125?
25
Suppose 0 = 6*s - 82 - 98. What is the highest common divisor of s and 75?
15
Let i = 32 + -6. Suppose 0 = -4*u + 12, -3*c + u + 75 = -c. Calculate the highest common factor of c and i.
13
Let r(g) = -60*g + 8. Let o